 73, 779543
What are the prime factors of 414951567?
3, 138317189
List the prime factors of 31950374.
2, 1607, 9941
List the prime factors of 1228971143.
1523, 806941
List the prime factors of 1998639698.
2, 11, 73, 1244483
What are the prime factors of 618844605?
3, 5, 43, 959449
List the prime factors of 286241543.
7, 113, 361873
List the prime factors of 39805477.
39805477
List the prime factors of 123902648.
2, 19, 815149
List the prime factors of 1788135698.
2, 1291, 692539
What are the prime factors of 51146177?
83, 616219
List the prime factors of 1012455915.
3, 5, 67497061
What are the prime factors of 16974278?
2, 8487139
What are the prime factors of 80234048?
2, 41, 30577
List the prime factors of 146591365.
5, 19, 1543067
List the prime factors of 71272492.
2, 23, 47, 53, 311
What are the prime factors of 49871293?
41, 1216373
What are the prime factors of 1934599797?
3, 13, 37, 446893
What are the prime factors of 3855653302?
2, 37, 79, 277, 2381
What are the prime factors of 310750196?
2, 29, 73, 36697
List the prime factors of 1507781132.
2, 11, 13, 67, 39343
What are the prime factors of 38437727?
38437727
What are the prime factors of 503486495?
5, 139, 724441
What are the prime factors of 4553016845?
5, 13, 70046413
List the prime factors of 16297035.
3, 5, 1086469
List the prime factors of 7070642848.
2, 220957589
List the prime factors of 69244719.
3, 479, 48187
What are the prime factors of 131512506?
2, 3, 29, 271, 2789
List the prime factors of 41091398.
2, 20545699
List the prime factors of 31122022.
2, 193, 80627
List the prime factors of 265151497.
13, 20396269
What are the prime factors of 31801303?
31801303
What are the prime factors of 19439129?
19439129
What are the prime factors of 110349909?
3, 12261101
What are the prime factors of 722406058?
2, 11, 17, 89, 1973
What are the prime factors of 55355340?
2, 3, 5, 491, 1879
List the prime factors of 251167156.
2, 19, 1733, 1907
What are the prime factors of 335865357?
3, 37318373
What are the prime factors of 47416843?
47, 971, 1039
What are the prime factors of 1068457780?
2, 5, 13, 19, 31, 6977
List the prime factors of 73881296.
2, 4617581
What are the prime factors of 890388752?
2, 11, 89, 56843
List the prime factors of 19881878.
2, 29, 342791
What are the prime factors of 2105422247?
2105422247
List the prime factors of 134574054.
2, 3, 41, 311, 1759
What are the prime factors of 804840690?
2, 3, 5, 17, 47, 33577
List the prime factors of 221145466.
2, 337, 328109
What are the prime factors of 973770481?
23, 31, 199, 6863
List the prime factors of 62859668.
2, 67, 79, 2969
What are the prime factors of 1268365949?
53, 23931433
What are the prime factors of 241221212?
2, 421, 143243
What are the prime factors of 5376756208?
2, 373, 900931
List the prime factors of 390041257.
53, 127, 57947
What are the prime factors of 168759146?
2, 37, 953, 2393
What are the prime factors of 69496467?
3, 3581, 6469
What are the prime factors of 34157460?
2, 3, 5, 59, 9649
What are the prime factors of 547985535?
3, 5, 36532369
What are the prime factors of 2959551998?
2, 13, 17, 227, 2269
What are the prime factors of 5713387030?
2, 5, 13, 17, 2585243
List the prime factors of 1529214359.
6037, 253307
List the prime factors of 111551821.
47, 163, 14561
What are the prime factors of 263783071?
1091, 241781
What are the prime factors of 53185600?
2, 5, 13, 2557
What are the prime factors of 680835905?
5, 1307, 104183
List the prime factors of 13566624.
2, 3, 141319
List the prime factors of 63950720.
2, 5, 99923
What are the prime factors of 1763691659?
1763691659
List the prime factors of 169914229.
5981, 28409
List the prime factors of 132334.
2, 127, 521
List the prime factors of 526970703.
3, 7, 1483, 16921
List the prime factors of 432167860.
2, 5, 29, 745117
List the prime factors of 249965524.
2, 31, 2015851
List the prime factors of 70586635.
5, 7, 17, 118633
What are the prime factors of 3879818852?
2, 7, 13, 819911
What are the prime factors of 67157129?
13, 31, 166643
What are the prime factors of 97791931?
229, 427039
List the prime factors of 202167145.
5, 17, 821, 2897
What are the prime factors of 288300470?
2, 5, 71, 491, 827
List the prime factors of 133629510.
2, 3, 5, 7, 636331
What are the prime factors of 170637973?
11, 15512543
What are the prime factors of 339854561?
339854561
List the prime factors of 1032886958.
2, 241, 937, 2287
List the prime factors of 168021587.
89, 1887883
List the prime factors of 13193352.
2, 3, 23, 31, 257
What are the prime factors of 3371423367?
3, 13, 2909, 29717
List the prime factors of 169219634.
2, 5569, 15193
What are the prime factors of 76934411?
347, 221713
List the prime factors of 16079014.
2, 7, 1148501
List the prime factors of 8005600.
2, 5, 10007
What are the prime factors of 12730550?
2, 5, 7, 36373
What are the prime factors of 219315242?
2, 109657621
List the prime factors of 1543412983.
7, 17, 12969857
What are the prime factors of 428988067?
428988067
What are the prime factors of 22322206?
2, 337, 33119
What are the prime factors of 6866891604?
2, 3, 190746989
What are the prime factors of 29073997?
2087, 13931
What are the prime factors of 5877532888?
2, 734691611
List the prime factors of 875430528.
2, 3, 7, 325681
What are the prime factors of 29661428?
2, 2267, 3271
List the prime factors of 378338593.
378338593
List the prime factors of 28885441.
13, 419, 5303
What are the prime factors of 30693913?
107, 286859
List the prime factors of 1373952532.
2, 61, 5630953
What are the prime factors of 114411513?
3, 17, 73, 79, 389
List the prime factors of 319222140.
2, 3, 5, 29, 183461
List the prime factors of 105404447.
105404447
What are the prime factors of 49157131?
49157131
What are the prime factors of 2746065?
3, 5, 7, 26153
List the prime factors of 1611595701.
3, 71, 2522059
What are the prime factors of 178586588?
2, 44646647
What are the prime factors of 4067469671?
1171, 3473501
What are the prime factors of 247646208?
2, 3, 17, 2371
What are the prime factors of 2380263340?
2, 5, 7, 13, 359, 3643
List the prime factors of 1936984181.
11, 176089471
List the prime factors of 278137347.
3, 29, 3196981
What are the prime factors of 1181166018?
2, 3, 17, 661, 17519
What are the prime factors of 49606385?
5, 29, 47, 251
What are the prime factors of 1806786427?
43, 73, 575593
List the prime factors of 4301006702.
2, 89, 653, 37003
List the prime factors of 1637344938.
2, 3, 272890823
What are the prime factors of 19904585?
5, 29, 137273
List the prime factors of 1824087930.
2, 3, 5, 7, 17, 89, 5741
What are the prime factors of 180484596?
2, 3, 233, 21517
What are the prime factors of 18255452?
2, 4563863
What are the prime factors of 37442896?
2, 23, 101747
List the prime factors of 290180886.
2, 3, 67, 721843
List the prime factors of 1276914476.
2, 319228619
What are the prime factors of 4997900068?
2, 7, 19, 61, 337, 457
List the prime factors of 1122436708.
2, 23, 12200399
What are the prime factors of 848353617?
3, 29, 683, 4759
List the prime factors of 1925198451.
3, 11, 43, 41113
What are the prime factors of 1968108343?
17, 8527, 13577
List the prime factors of 22960180.
2, 5, 163, 7043
List the prime factors of 43348403.
7, 6192629
What are the prime factors of 235038053?
89, 967, 2731
List the prime factors of 2160198832.
2, 11, 1523, 8059
List the prime factors of 3664016820.
2, 3, 5, 59, 345011
What are the prime factors of 616377201?
3, 11, 1297, 14401
List the prime factors of 100850827.
7, 11, 127, 10313
What are the prime factors of 112138568?
2, 107, 269, 487
List the prime factors of 21088853.
37, 47, 67, 181
List the prime factors of 32366844.
2, 3, 17, 61
What are the prime factors of 16554879?
3, 11, 167221
List the prime factors of 2811996283.
2811996283
List the prime factors of 144178715.
5, 28835743
What are the prime factors of 52821016?
2, 6602627
List the prime factors of 395794584.
2, 3, 5497147
List the prime factors of 71705000.
2, 5, 14341
List the prime factors of 1226164.
2, 306541
List the prime factors of 31601366.
2, 241, 65563
List the prime factors of 143506043.
331, 491, 883
List the prime factors of 109172684.
2, 181, 150791
List the prime factors of 241